[INFO] fetching crate cmd_wrk_macros 0.0.1...
[INFO] checking cmd_wrk_macros-0.0.1 against master#cfbc6d4cf1acbac5c025acf8ed68929caa551df3 for pr-75494-beta
[INFO] extracting crate cmd_wrk_macros 0.0.1 into /workspace/builds/worker-2/source
[INFO] validating manifest of crates.io crate cmd_wrk_macros 0.0.1 on toolchain cfbc6d4cf1acbac5c025acf8ed68929caa551df3
[INFO] running `Command { std: "/workspace/cargo-home/bin/cargo" "+cfbc6d4cf1acbac5c025acf8ed68929caa551df3" "read-manifest" "--manifest-path" "Cargo.toml", kill_on_drop: false }`
[INFO] started tweaking crates.io crate cmd_wrk_macros 0.0.1
[INFO] finished tweaking crates.io crate cmd_wrk_macros 0.0.1
[INFO] tweaked toml for crates.io crate cmd_wrk_macros 0.0.1 written to /workspace/builds/worker-2/source/Cargo.toml
[INFO] running `Command { std: "/workspace/cargo-home/bin/cargo" "+cfbc6d4cf1acbac5c025acf8ed68929caa551df3" "generate-lockfile" "--manifest-path" "Cargo.toml" "-Zno-index-update", kill_on_drop: false }`
[INFO] running `Command { std: "/workspace/cargo-home/bin/cargo" "+cfbc6d4cf1acbac5c025acf8ed68929caa551df3" "fetch" "--locked" "--manifest-path" "Cargo.toml", kill_on_drop: false }`
[INFO] running `Command { std: "docker" "create" "-v" "/var/lib/crater-agent-workspace/builds/worker-2/target:/opt/rustwide/target:rw,Z" "-v" "/var/lib/crater-agent-workspace/builds/worker-2/source:/opt/rustwide/workdir:ro,Z" "-v" "/var/lib/crater-agent-workspace/cargo-home:/opt/rustwide/cargo-home:ro,Z" "-v" "/var/lib/crater-agent-workspace/rustup-home:/opt/rustwide/rustup-home:ro,Z" "-e" "SOURCE_DIR=/opt/rustwide/workdir" "-e" "CARGO_TARGET_DIR=/opt/rustwide/target" "-e" "CARGO_HOME=/opt/rustwide/cargo-home" "-e" "RUSTUP_HOME=/opt/rustwide/rustup-home" "-w" "/opt/rustwide/workdir" "-m" "1610612736" "--user" "0:0" "--network" "none" "rustops/crates-build-env@sha256:a636fd89d022f18117e1dc8fb37a0a009933cdbbe082814857f0e2024962d47c" "/opt/rustwide/cargo-home/bin/cargo" "+cfbc6d4cf1acbac5c025acf8ed68929caa551df3" "metadata" "--no-deps" "--format-version=1", kill_on_drop: false }`
[INFO] [stdout] b67ca11dba13fab72b8c9309ed337a7fbfb5a0bf85a7554baf5d4420af9b8665
[INFO] [stderr] WARNING: Your kernel does not support swap limit capabilities or the cgroup is not mounted. Memory limited without swap.
[INFO] running `Command { std: "docker" "start" "-a" "b67ca11dba13fab72b8c9309ed337a7fbfb5a0bf85a7554baf5d4420af9b8665", kill_on_drop: false }`
[INFO] running `Command { std: "docker" "inspect" "b67ca11dba13fab72b8c9309ed337a7fbfb5a0bf85a7554baf5d4420af9b8665", kill_on_drop: false }`
[INFO] running `Command { std: "docker" "rm" "-f" "b67ca11dba13fab72b8c9309ed337a7fbfb5a0bf85a7554baf5d4420af9b8665", kill_on_drop: false }`
[INFO] [stdout] b67ca11dba13fab72b8c9309ed337a7fbfb5a0bf85a7554baf5d4420af9b8665
[INFO] running `Command { std: "docker" "create" "-v" "/var/lib/crater-agent-workspace/builds/worker-2/target:/opt/rustwide/target:rw,Z" "-v" "/var/lib/crater-agent-workspace/builds/worker-2/source:/opt/rustwide/workdir:ro,Z" "-v" "/var/lib/crater-agent-workspace/cargo-home:/opt/rustwide/cargo-home:ro,Z" "-v" "/var/lib/crater-agent-workspace/rustup-home:/opt/rustwide/rustup-home:ro,Z" "-e" "SOURCE_DIR=/opt/rustwide/workdir" "-e" "CARGO_TARGET_DIR=/opt/rustwide/target" "-e" "CARGO_INCREMENTAL=0" "-e" "RUST_BACKTRACE=full" "-e" "RUSTFLAGS=--cap-lints=forbid" "-e" "CARGO_HOME=/opt/rustwide/cargo-home" "-e" "RUSTUP_HOME=/opt/rustwide/rustup-home" "-w" "/opt/rustwide/workdir" "-m" "1610612736" "--user" "0:0" "--network" "none" "rustops/crates-build-env@sha256:a636fd89d022f18117e1dc8fb37a0a009933cdbbe082814857f0e2024962d47c" "/opt/rustwide/cargo-home/bin/cargo" "+cfbc6d4cf1acbac5c025acf8ed68929caa551df3" "check" "--frozen" "--all" "--all-targets" "--message-format=json", kill_on_drop: false }`
[INFO] [stdout] 314d393f88c2a60a141b3874e014d7a5f79181c5657fdb5ebbd539d381326adc
[INFO] [stderr] WARNING: Your kernel does not support swap limit capabilities or the cgroup is not mounted. Memory limited without swap.
[INFO] running `Command { std: "docker" "start" "-a" "314d393f88c2a60a141b3874e014d7a5f79181c5657fdb5ebbd539d381326adc", kill_on_drop: false }`
[INFO] [stderr]    Compiling proc-macro2 v1.0.19
[INFO] [stderr]     Checking quote v1.0.7
[INFO] [stderr]     Checking syn v1.0.39
[INFO] [stderr]     Checking cmd_wrk_macros v0.0.1 (/opt/rustwide/workdir)
[INFO] [stdout] warning: unused import: `PatIdent`
[INFO] [stdout]  --> src/lib.rs:2:85
[INFO] [stdout]   |
[INFO] [stdout] 2 | use syn::{parse_macro_input, Ident, Item, FnArg, Type, ItemFn, Visibility, PatType, PatIdent};
[INFO] [stdout]   |                                                                                     ^^^^^^^^
[INFO] [stdout]   |
[INFO] [stdout]   = note: `#[warn(unused_imports)]` on by default
[INFO] [stdout] 
[INFO] [stdout] 
[INFO] [stdout] warning: unused import: `syn::token::Token`
[INFO] [stdout]  --> src/lib.rs:3:5
[INFO] [stdout]   |
[INFO] [stdout] 3 | use syn::token::Token;
[INFO] [stdout]   |     ^^^^^^^^^^^^^^^^^
[INFO] [stdout] 
[INFO] [stdout] 
[INFO] [stdout] warning: unused imports: `ParseBuffer`, `ParseStream`, `Parse`
[INFO] [stdout]  --> src/lib.rs:6:18
[INFO] [stdout]   |
[INFO] [stdout] 6 | use syn::parse::{Parse, ParseBuffer, ParseStream};
[INFO] [stdout]   |                  ^^^^^  ^^^^^^^^^^^  ^^^^^^^^^^^
[INFO] [stdout] 
[INFO] [stdout] 
[INFO] [stdout] warning: unused imports: `TryFrom`, `TryInto`
[INFO] [stdout]  --> src/lib.rs:7:20
[INFO] [stdout]   |
[INFO] [stdout] 7 | use std::convert::{TryFrom, TryInto};
[INFO] [stdout]   |                    ^^^^^^^  ^^^^^^^
[INFO] [stdout] 
[INFO] [stdout] 
[INFO] [stdout] warning: unused import: `std::borrow::Borrow`
[INFO] [stdout]  --> src/lib.rs:8:5
[INFO] [stdout]   |
[INFO] [stdout] 8 | use std::borrow::Borrow;
[INFO] [stdout]   |     ^^^^^^^^^^^^^^^^^^^
[INFO] [stdout] 
[INFO] [stdout] 
[INFO] [stdout] error: `proc-macro` crate types currently cannot export any items other than functions tagged with `#[proc_macro]`, `#[proc_macro_derive]`, or `#[proc_macro_attribute]`
[INFO] [stdout]   --> src/lib.rs:15:1
[INFO] [stdout]    |
[INFO] [stdout] 15 | pub fn cli(args: TokenStream, input: TokenStream) -> TokenStream {
[INFO] [stdout]    | ^^^^^^^^^^^^^^^^^^^^^^^^^^^^^^^^^^^^^^^^^^^^^^^^^^^^^^^^^^^^^^^^
[INFO] [stdout] 
[INFO] [stdout] 
[INFO] [stdout] warning: unused import: `PatIdent`
[INFO] [stdout]  --> src/lib.rs:2:85
[INFO] [stdout]   |
[INFO] [stdout] 2 | use syn::{parse_macro_input, Ident, Item, FnArg, Type, ItemFn, Visibility, PatType, PatIdent};
[INFO] [stdout]   |                                                                                     ^^^^^^^^
[INFO] [stdout]   |
[INFO] [stdout]   = note: `#[warn(unused_imports)]` on by default
[INFO] [stdout] 
[INFO] [stdout] 
[INFO] [stdout] warning: unused import: `syn::token::Token`
[INFO] [stdout]  --> src/lib.rs:3:5
[INFO] [stdout]   |
[INFO] [stdout] 3 | use syn::token::Token;
[INFO] [stdout]   |     ^^^^^^^^^^^^^^^^^
[INFO] [stdout] 
[INFO] [stdout] 
[INFO] [stdout] warning: unused imports: `ParseBuffer`, `ParseStream`, `Parse`
[INFO] [stdout]  --> src/lib.rs:6:18
[INFO] [stdout]   |
[INFO] [stdout] 6 | use syn::parse::{Parse, ParseBuffer, ParseStream};
[INFO] [stdout]   |                  ^^^^^  ^^^^^^^^^^^  ^^^^^^^^^^^
[INFO] [stdout] 
[INFO] [stdout] 
[INFO] [stdout] warning: unused imports: `TryFrom`, `TryInto`
[INFO] [stdout]  --> src/lib.rs:7:20
[INFO] [stdout]   |
[INFO] [stdout] 7 | use std::convert::{TryFrom, TryInto};
[INFO] [stdout]   |                    ^^^^^^^  ^^^^^^^
[INFO] [stdout] 
[INFO] [stdout] 
[INFO] [stdout] warning: unused import: `std::borrow::Borrow`
[INFO] [stdout]  --> src/lib.rs:8:5
[INFO] [stdout]   |
[INFO] [stdout] 8 | use std::borrow::Borrow;
[INFO] [stdout]   |     ^^^^^^^^^^^^^^^^^^^
[INFO] [stdout] 
[INFO] [stdout] 
[INFO] [stdout] error[E0053]: method `to_tokens` has an incompatible type for trait
[INFO] [stdout]   --> src/lib.rs:62:5
[INFO] [stdout]    |
[INFO] [stdout] 62 |     fn to_tokens(&self, tokens: &mut TokenStream) {
[INFO] [stdout]    |     ^^^^^^^^^^^^^^^^^^^^^^^^^^^^^^^^^^^^^^^^^^^^^ expected struct `syn::export::TokenStream2`, found struct `proc_macro::TokenStream`
[INFO] [stdout]    |
[INFO] [stdout]    = note: expected fn pointer `fn(&Cmd, &mut syn::export::TokenStream2)`
[INFO] [stdout]               found fn pointer `fn(&Cmd, &mut proc_macro::TokenStream)`
[INFO] [stdout] 
[INFO] [stdout] 
[INFO] [stdout] error[E0053]: method `to_tokens` has an incompatible type for trait
[INFO] [stdout]   --> src/lib.rs:68:5
[INFO] [stdout]    |
[INFO] [stdout] 68 |     fn to_tokens(&self, tokens: &mut TokenStream) {
[INFO] [stdout]    |     ^^^^^^^^^^^^^^^^^^^^^^^^^^^^^^^^^^^^^^^^^^^^^ expected struct `syn::export::TokenStream2`, found struct `proc_macro::TokenStream`
[INFO] [stdout]    |
[INFO] [stdout]    = note: expected fn pointer `fn(&Arg, &mut syn::export::TokenStream2)`
[INFO] [stdout]               found fn pointer `fn(&Arg, &mut proc_macro::TokenStream)`
[INFO] [stdout] 
[INFO] [stdout] 
[INFO] [stdout] error[E0308]: mismatched types
[INFO] [stdout]   --> src/lib.rs:15:54
[INFO] [stdout]    |
[INFO] [stdout] 15 | pub fn cli(args: TokenStream, input: TokenStream) -> TokenStream {
[INFO] [stdout]    |        ---                                           ^^^^^^^^^^^ expected struct `proc_macro::TokenStream`, found `()`
[INFO] [stdout]    |        |
[INFO] [stdout]    |        implicitly returns `()` as its body has no tail or `return` expression
[INFO] [stdout] 
[INFO] [stdout] 
[INFO] [stdout] error[E0053]: method `to_tokens` has an incompatible type for trait
[INFO] [stdout]   --> src/lib.rs:62:5
[INFO] [stdout]    |
[INFO] [stdout] 62 |     fn to_tokens(&self, tokens: &mut TokenStream) {
[INFO] [stdout]    |     ^^^^^^^^^^^^^^^^^^^^^^^^^^^^^^^^^^^^^^^^^^^^^ expected struct `syn::export::TokenStream2`, found struct `proc_macro::TokenStream`
[INFO] [stdout]    |
[INFO] [stdout]    = note: expected fn pointer `fn(&Cmd, &mut syn::export::TokenStream2)`
[INFO] [stdout]               found fn pointer `fn(&Cmd, &mut proc_macro::TokenStream)`
[INFO] [stdout] 
[INFO] [stdout] 
[INFO] [stdout] error[E0053]: method `to_tokens` has an incompatible type for trait
[INFO] [stdout]   --> src/lib.rs:68:5
[INFO] [stdout]    |
[INFO] [stdout] 68 |     fn to_tokens(&self, tokens: &mut TokenStream) {
[INFO] [stdout]    |     ^^^^^^^^^^^^^^^^^^^^^^^^^^^^^^^^^^^^^^^^^^^^^ expected struct `syn::export::TokenStream2`, found struct `proc_macro::TokenStream`
[INFO] [stdout]    |
[INFO] [stdout]    = note: expected fn pointer `fn(&Arg, &mut syn::export::TokenStream2)`
[INFO] [stdout]               found fn pointer `fn(&Arg, &mut proc_macro::TokenStream)`
[INFO] [stdout] 
[INFO] [stdout] 
[INFO] [stdout] error[E0308]: mismatched types
[INFO] [stdout]   --> src/lib.rs:15:54
[INFO] [stdout]    |
[INFO] [stdout] 15 | pub fn cli(args: TokenStream, input: TokenStream) -> TokenStream {
[INFO] [stdout]    |        ---                                           ^^^^^^^^^^^ expected struct `proc_macro::TokenStream`, found `()`
[INFO] [stdout]    |        |
[INFO] [stdout]    |        implicitly returns `()` as its body has no tail or `return` expression
[INFO] [stdout] 
[INFO] [stdout] 
[INFO] [stdout] error[E0599]: no method named `as_ref` found for reference `&syn::Ident` in the current scope
[INFO] [stdout]    --> src/lib.rs:35:34
[INFO] [stdout]     |
[INFO] [stdout] 35  |                     s.push_str(i.as_ref()); s
[INFO] [stdout]     |                                  ^^^^^^ method not found in `&syn::Ident`
[INFO] [stdout]     | 
[INFO] [stdout]    ::: /opt/rustwide/cargo-home/registry/src/github.com-1ecc6299db9ec823/proc-macro2-1.0.19/src/lib.rs:841:1
[INFO] [stdout]     |
[INFO] [stdout] 841 | pub struct Ident {
[INFO] [stdout]     | ---------------- doesn't satisfy `syn::Ident: std::convert::AsRef<_>`
[INFO] [stdout]     |
[INFO] [stdout]     = note: the method `as_ref` exists but the following trait bounds were not satisfied:
[INFO] [stdout]             `syn::Ident: std::convert::AsRef<_>`
[INFO] [stdout]             which is required by `&syn::Ident: std::convert::AsRef<_>`
[INFO] [stdout] 
[INFO] [stdout] 
[INFO] [stdout] error[E0599]: no method named `as_ref` found for reference `&syn::Ident` in the current scope
[INFO] [stdout]    --> src/lib.rs:35:34
[INFO] [stdout]     |
[INFO] [stdout] 35  |                     s.push_str(i.as_ref()); s
[INFO] [stdout]     |                                  ^^^^^^ method not found in `&syn::Ident`
[INFO] [stdout]     | 
[INFO] [stdout]    ::: /opt/rustwide/cargo-home/registry/src/github.com-1ecc6299db9ec823/proc-macro2-1.0.19/src/lib.rs:841:1
[INFO] [stdout]     |
[INFO] [stdout] 841 | pub struct Ident {
[INFO] [stdout]     | ---------------- doesn't satisfy `syn::Ident: std::convert::AsRef<_>`
[INFO] [stdout]     |
[INFO] [stdout]     = note: the method `as_ref` exists but the following trait bounds were not satisfied:
[INFO] [stdout]             `syn::Ident: std::convert::AsRef<_>`
[INFO] [stdout]             which is required by `&syn::Ident: std::convert::AsRef<_>`
[INFO] [stdout] 
[INFO] [stdout] 
[INFO] [stdout] error[E0277]: the trait bound `syn::export::TokenStream2: quote::IdentFragment` is not satisfied
[INFO] [stdout]   --> src/lib.rs:96:41
[INFO] [stdout]    |
[INFO] [stdout] 96 | ...                   name = Some(format_ident!("{}", attr.tokens));
[INFO] [stdout]    |                                   ^^^^^^^^^^^^^^^^^^^^^^^^^^^^^^^^ the trait `quote::IdentFragment` is not implemented for `syn::export::TokenStream2`
[INFO] [stdout]    |
[INFO] [stdout]    = note: required because of the requirements on the impl of `quote::IdentFragment` for `&syn::export::TokenStream2`
[INFO] [stdout]    = note: required by `quote::__private::IdentFragmentAdapter`
[INFO] [stdout]    = note: this error originates in a macro (in Nightly builds, run with -Z macro-backtrace for more info)
[INFO] [stdout] 
[INFO] [stdout] 
[INFO] [stdout] error[E0277]: the trait bound `syn::export::TokenStream2: quote::IdentFragment` is not satisfied
[INFO] [stdout]    --> src/lib.rs:96:41
[INFO] [stdout]     |
[INFO] [stdout] 96  | ...                   name = Some(format_ident!("{}", attr.tokens));
[INFO] [stdout]     |                                   ^^^^^^^^^^^^^^^^^^^^^^^^^^^^^^^^ the trait `quote::IdentFragment` is not implemented for `syn::export::TokenStream2`
[INFO] [stdout]     | 
[INFO] [stdout]    ::: /opt/rustwide/cargo-home/registry/src/github.com-1ecc6299db9ec823/quote-1.0.7/src/runtime.rs:370:36
[INFO] [stdout]     |
[INFO] [stdout] 370 | pub struct IdentFragmentAdapter<T: IdentFragment>(pub T);
[INFO] [stdout]     |                                    ------------- required by this bound in `quote::__private::IdentFragmentAdapter`
[INFO] [stdout]     |
[INFO] [stdout]     = note: required because of the requirements on the impl of `quote::IdentFragment` for `&syn::export::TokenStream2`
[INFO] [stdout]     = note: this error originates in a macro (in Nightly builds, run with -Z macro-backtrace for more info)
[INFO] [stdout] 
[INFO] [stdout] 
[INFO] [stdout] error[E0277]: the trait bound `syn::export::TokenStream2: quote::IdentFragment` is not satisfied
[INFO] [stdout]   --> src/lib.rs:96:41
[INFO] [stdout]    |
[INFO] [stdout] 96 | ...                   name = Some(format_ident!("{}", attr.tokens));
[INFO] [stdout]    |                                   ^^^^^^^^^^^^^^^^^^^^^^^^^^^^^^^^ the trait `quote::IdentFragment` is not implemented for `syn::export::TokenStream2`
[INFO] [stdout]    |
[INFO] [stdout]    = note: required because of the requirements on the impl of `quote::IdentFragment` for `&syn::export::TokenStream2`
[INFO] [stdout]    = note: required by `quote::__private::IdentFragmentAdapter`
[INFO] [stdout]    = note: this error originates in a macro (in Nightly builds, run with -Z macro-backtrace for more info)
[INFO] [stdout] 
[INFO] [stdout] 
[INFO] [stdout] error[E0277]: the trait bound `syn::export::TokenStream2: quote::IdentFragment` is not satisfied
[INFO] [stdout]    --> src/lib.rs:96:41
[INFO] [stdout]     |
[INFO] [stdout] 96  | ...                   name = Some(format_ident!("{}", attr.tokens));
[INFO] [stdout]     |                                   ^^^^^^^^^^^^^^^^^^^^^^^^^^^^^^^^ the trait `quote::IdentFragment` is not implemented for `syn::export::TokenStream2`
[INFO] [stdout]     | 
[INFO] [stdout]    ::: /opt/rustwide/cargo-home/registry/src/github.com-1ecc6299db9ec823/quote-1.0.7/src/runtime.rs:370:36
[INFO] [stdout]     |
[INFO] [stdout] 370 | pub struct IdentFragmentAdapter<T: IdentFragment>(pub T);
[INFO] [stdout]     |                                    ------------- required by this bound in `quote::__private::IdentFragmentAdapter`
[INFO] [stdout]     |
[INFO] [stdout]     = note: required because of the requirements on the impl of `quote::IdentFragment` for `&syn::export::TokenStream2`
[INFO] [stdout]     = note: this error originates in a macro (in Nightly builds, run with -Z macro-backtrace for more info)
[INFO] [stdout] 
[INFO] [stdout] 
[INFO] [stdout] error[E0277]: the trait bound `syn::export::TokenStream2: quote::IdentFragment` is not satisfied
[INFO] [stdout]    --> src/lib.rs:96:41
[INFO] [stdout]     |
[INFO] [stdout] 96  | ...                   name = Some(format_ident!("{}", attr.tokens));
[INFO] [stdout]     |                                   ^^^^^^^^^^^^^^^^^^^^^^^^^^^^^^^^ the trait `quote::IdentFragment` is not implemented for `syn::export::TokenStream2`
[INFO] [stdout]     | 
[INFO] [stdout]    ::: /opt/rustwide/cargo-home/registry/src/github.com-1ecc6299db9ec823/quote-1.0.7/src/runtime.rs:370:36
[INFO] [stdout]     |
[INFO] [stdout] 370 | pub struct IdentFragmentAdapter<T: IdentFragment>(pub T);
[INFO] [stdout]     |                                    ------------- required by this bound in `quote::__private::IdentFragmentAdapter`
[INFO] [stdout]     |
[INFO] [stdout]     = note: required because of the requirements on the impl of `quote::IdentFragment` for `&syn::export::TokenStream2`
[INFO] [stdout]     = note: this error originates in a macro (in Nightly builds, run with -Z macro-backtrace for more info)
[INFO] [stdout] 
[INFO] [stdout] 
[INFO] [stdout] error[E0277]: the trait bound `syn::export::TokenStream2: quote::IdentFragment` is not satisfied
[INFO] [stdout]   --> src/lib.rs:96:41
[INFO] [stdout]    |
[INFO] [stdout] 96 | ...                   name = Some(format_ident!("{}", attr.tokens));
[INFO] [stdout]    |                                   ^^^^^^^^^^^^^^^^^^^^^^^^^^^^^^^^ the trait `quote::IdentFragment` is not implemented for `syn::export::TokenStream2`
[INFO] [stdout]    |
[INFO] [stdout]    = note: required because of the requirements on the impl of `quote::IdentFragment` for `&syn::export::TokenStream2`
[INFO] [stdout]    = note: required because of the requirements on the impl of `std::fmt::Display` for `quote::__private::IdentFragmentAdapter<&syn::export::TokenStream2>`
[INFO] [stdout]    = note: required by `std::fmt::Display::fmt`
[INFO] [stdout]    = note: this error originates in a macro (in Nightly builds, run with -Z macro-backtrace for more info)
[INFO] [stdout] 
[INFO] [stdout] 
[INFO] [stdout] error[E0277]: the trait bound `syn::export::TokenStream2: quote::IdentFragment` is not satisfied
[INFO] [stdout]    --> src/lib.rs:96:41
[INFO] [stdout]     |
[INFO] [stdout] 96  | ...                   name = Some(format_ident!("{}", attr.tokens));
[INFO] [stdout]     |                                   ^^^^^^^^^^^^^^^^^^^^^^^^^^^^^^^^ the trait `quote::IdentFragment` is not implemented for `syn::export::TokenStream2`
[INFO] [stdout]     | 
[INFO] [stdout]    ::: /opt/rustwide/cargo-home/registry/src/github.com-1ecc6299db9ec823/quote-1.0.7/src/runtime.rs:370:36
[INFO] [stdout]     |
[INFO] [stdout] 370 | pub struct IdentFragmentAdapter<T: IdentFragment>(pub T);
[INFO] [stdout]     |                                    ------------- required by this bound in `quote::__private::IdentFragmentAdapter`
[INFO] [stdout]     |
[INFO] [stdout]     = note: required because of the requirements on the impl of `quote::IdentFragment` for `&syn::export::TokenStream2`
[INFO] [stdout]     = note: this error originates in a macro (in Nightly builds, run with -Z macro-backtrace for more info)
[INFO] [stdout] 
[INFO] [stdout] 
[INFO] [stdout] error[E0277]: the trait bound `syn::export::TokenStream2: quote::IdentFragment` is not satisfied
[INFO] [stdout]   --> src/lib.rs:96:41
[INFO] [stdout]    |
[INFO] [stdout] 96 | ...                   name = Some(format_ident!("{}", attr.tokens));
[INFO] [stdout]    |                                   ^^^^^^^^^^^^^^^^^^^^^^^^^^^^^^^^ the trait `quote::IdentFragment` is not implemented for `syn::export::TokenStream2`
[INFO] [stdout]    |
[INFO] [stdout]    = note: required because of the requirements on the impl of `quote::IdentFragment` for `&syn::export::TokenStream2`
[INFO] [stdout]    = note: required because of the requirements on the impl of `std::fmt::Display` for `quote::__private::IdentFragmentAdapter<&syn::export::TokenStream2>`
[INFO] [stdout]    = note: required by `std::fmt::Display::fmt`
[INFO] [stdout]    = note: this error originates in a macro (in Nightly builds, run with -Z macro-backtrace for more info)
[INFO] [stdout] 
[INFO] [stdout] 
[INFO] [stdout] error[E0599]: no method named `span` found for struct `quote::__private::IdentFragmentAdapter<&syn::export::TokenStream2>` in the current scope
[INFO] [stdout]   --> src/lib.rs:96:41
[INFO] [stdout]    |
[INFO] [stdout] 96 | ...                   name = Some(format_ident!("{}", attr.tokens));
[INFO] [stdout]    |                                   ^^^^^^^^^^^^^^^^^^^^^^^^^^^^^^^^ method not found in `quote::__private::IdentFragmentAdapter<&syn::export::TokenStream2>`
[INFO] [stdout]    |
[INFO] [stdout]    = note: the method `span` exists but the following trait bounds were not satisfied:
[INFO] [stdout]            `&syn::export::TokenStream2: quote::IdentFragment`
[INFO] [stdout]    = note: this error originates in a macro (in Nightly builds, run with -Z macro-backtrace for more info)
[INFO] [stdout] 
[INFO] [stdout] 
[INFO] [stdout] error[E0599]: no method named `span` found for struct `quote::__private::IdentFragmentAdapter<&syn::export::TokenStream2>` in the current scope
[INFO] [stdout]   --> src/lib.rs:96:41
[INFO] [stdout]    |
[INFO] [stdout] 96 | ...                   name = Some(format_ident!("{}", attr.tokens));
[INFO] [stdout]    |                                   ^^^^^^^^^^^^^^^^^^^^^^^^^^^^^^^^ method not found in `quote::__private::IdentFragmentAdapter<&syn::export::TokenStream2>`
[INFO] [stdout]    |
[INFO] [stdout]    = note: the method `span` exists but the following trait bounds were not satisfied:
[INFO] [stdout]            `&syn::export::TokenStream2: quote::IdentFragment`
[INFO] [stdout]    = note: this error originates in a macro (in Nightly builds, run with -Z macro-backtrace for more info)
[INFO] [stdout] 
[INFO] [stdout] 
[INFO] [stdout] error[E0308]: mismatched types
[INFO] [stdout]    --> src/lib.rs:108:34
[INFO] [stdout]     |
[INFO] [stdout] 108 | ...                   Some(id)
[INFO] [stdout]     |                            ^^ expected struct `syn::Ident`, found struct `syn::PatIdent`
[INFO] [stdout] 
[INFO] [stdout] 
[INFO] [stdout] error[E0277]: the trait bound `std::boxed::Box<syn::Type>: quote::IdentFragment` is not satisfied
[INFO] [stdout]    --> src/lib.rs:110:34
[INFO] [stdout]     |
[INFO] [stdout] 110 | ...                   Some(format_ident!("_{}_{}", i, p.ty))
[INFO] [stdout]     |                            ^^^^^^^^^^^^^^^^^^^^^^^^^^^^^^^^ the trait `quote::IdentFragment` is not implemented for `std::boxed::Box<syn::Type>`
[INFO] [stdout]     |
[INFO] [stdout]     = note: required because of the requirements on the impl of `quote::IdentFragment` for `&std::boxed::Box<syn::Type>`
[INFO] [stdout]     = note: required by `quote::__private::IdentFragmentAdapter`
[INFO] [stdout]     = note: this error originates in a macro (in Nightly builds, run with -Z macro-backtrace for more info)
[INFO] [stdout] 
[INFO] [stdout] 
[INFO] [stdout] error[E0277]: the trait bound `std::boxed::Box<syn::Type>: quote::IdentFragment` is not satisfied
[INFO] [stdout]    --> src/lib.rs:110:34
[INFO] [stdout]     |
[INFO] [stdout] 110 | ...                   Some(format_ident!("_{}_{}", i, p.ty))
[INFO] [stdout]     |                            ^^^^^^^^^^^^^^^^^^^^^^^^^^^^^^^^ the trait `quote::IdentFragment` is not implemented for `std::boxed::Box<syn::Type>`
[INFO] [stdout]     | 
[INFO] [stdout]    ::: /opt/rustwide/cargo-home/registry/src/github.com-1ecc6299db9ec823/quote-1.0.7/src/runtime.rs:370:36
[INFO] [stdout]     |
[INFO] [stdout] 370 | pub struct IdentFragmentAdapter<T: IdentFragment>(pub T);
[INFO] [stdout]     |                                    ------------- required by this bound in `quote::__private::IdentFragmentAdapter`
[INFO] [stdout]     |
[INFO] [stdout]     = note: required because of the requirements on the impl of `quote::IdentFragment` for `&std::boxed::Box<syn::Type>`
[INFO] [stdout]     = note: this error originates in a macro (in Nightly builds, run with -Z macro-backtrace for more info)
[INFO] [stdout] 
[INFO] [stdout] 
[INFO] [stdout] error[E0277]: the trait bound `std::boxed::Box<syn::Type>: quote::IdentFragment` is not satisfied
[INFO] [stdout]    --> src/lib.rs:110:34
[INFO] [stdout]     |
[INFO] [stdout] 110 | ...                   Some(format_ident!("_{}_{}", i, p.ty))
[INFO] [stdout]     |                            ^^^^^^^^^^^^^^^^^^^^^^^^^^^^^^^^ the trait `quote::IdentFragment` is not implemented for `std::boxed::Box<syn::Type>`
[INFO] [stdout]     | 
[INFO] [stdout]    ::: /opt/rustwide/cargo-home/registry/src/github.com-1ecc6299db9ec823/quote-1.0.7/src/runtime.rs:370:36
[INFO] [stdout]     |
[INFO] [stdout] 370 | pub struct IdentFragmentAdapter<T: IdentFragment>(pub T);
[INFO] [stdout]     |                                    ------------- required by this bound in `quote::__private::IdentFragmentAdapter`
[INFO] [stdout]     |
[INFO] [stdout]     = note: required because of the requirements on the impl of `quote::IdentFragment` for `&std::boxed::Box<syn::Type>`
[INFO] [stdout]     = note: this error originates in a macro (in Nightly builds, run with -Z macro-backtrace for more info)
[INFO] [stdout] 
[INFO] [stdout] 
[INFO] [stdout] error[E0308]: mismatched types
[INFO] [stdout]    --> src/lib.rs:108:34
[INFO] [stdout]     |
[INFO] [stdout] 108 | ...                   Some(id)
[INFO] [stdout]     |                            ^^ expected struct `syn::Ident`, found struct `syn::PatIdent`
[INFO] [stdout] 
[INFO] [stdout] 
[INFO] [stdout] error[E0277]: the trait bound `std::boxed::Box<syn::Type>: quote::IdentFragment` is not satisfied
[INFO] [stdout]    --> src/lib.rs:110:34
[INFO] [stdout]     |
[INFO] [stdout] 110 | ...                   Some(format_ident!("_{}_{}", i, p.ty))
[INFO] [stdout]     |                            ^^^^^^^^^^^^^^^^^^^^^^^^^^^^^^^^ the trait `quote::IdentFragment` is not implemented for `std::boxed::Box<syn::Type>`
[INFO] [stdout]     |
[INFO] [stdout]     = note: required because of the requirements on the impl of `quote::IdentFragment` for `&std::boxed::Box<syn::Type>`
[INFO] [stdout]     = note: required because of the requirements on the impl of `std::fmt::Display` for `quote::__private::IdentFragmentAdapter<&std::boxed::Box<syn::Type>>`
[INFO] [stdout]     = note: required by `std::fmt::Display::fmt`
[INFO] [stdout]     = note: this error originates in a macro (in Nightly builds, run with -Z macro-backtrace for more info)
[INFO] [stdout] 
[INFO] [stdout] 
[INFO] [stdout] error[E0277]: the trait bound `std::boxed::Box<syn::Type>: quote::IdentFragment` is not satisfied
[INFO] [stdout]    --> src/lib.rs:110:34
[INFO] [stdout]     |
[INFO] [stdout] 110 | ...                   Some(format_ident!("_{}_{}", i, p.ty))
[INFO] [stdout]     |                            ^^^^^^^^^^^^^^^^^^^^^^^^^^^^^^^^ the trait `quote::IdentFragment` is not implemented for `std::boxed::Box<syn::Type>`
[INFO] [stdout]     |
[INFO] [stdout]     = note: required because of the requirements on the impl of `quote::IdentFragment` for `&std::boxed::Box<syn::Type>`
[INFO] [stdout]     = note: required by `quote::__private::IdentFragmentAdapter`
[INFO] [stdout]     = note: this error originates in a macro (in Nightly builds, run with -Z macro-backtrace for more info)
[INFO] [stdout] 
[INFO] [stdout] 
[INFO] [stdout] error[E0277]: the trait bound `std::boxed::Box<syn::Type>: quote::IdentFragment` is not satisfied
[INFO] [stdout]    --> src/lib.rs:110:34
[INFO] [stdout]     |
[INFO] [stdout] 110 | ...                   Some(format_ident!("_{}_{}", i, p.ty))
[INFO] [stdout]     |                            ^^^^^^^^^^^^^^^^^^^^^^^^^^^^^^^^ the trait `quote::IdentFragment` is not implemented for `std::boxed::Box<syn::Type>`
[INFO] [stdout]     | 
[INFO] [stdout]    ::: /opt/rustwide/cargo-home/registry/src/github.com-1ecc6299db9ec823/quote-1.0.7/src/runtime.rs:370:36
[INFO] [stdout]     |
[INFO] [stdout] 370 | pub struct IdentFragmentAdapter<T: IdentFragment>(pub T);
[INFO] [stdout]     |                                    ------------- required by this bound in `quote::__private::IdentFragmentAdapter`
[INFO] [stdout]     |
[INFO] [stdout]     = note: required because of the requirements on the impl of `quote::IdentFragment` for `&std::boxed::Box<syn::Type>`
[INFO] [stdout]     = note: this error originates in a macro (in Nightly builds, run with -Z macro-backtrace for more info)
[INFO] [stdout] 
[INFO] [stdout] 
[INFO] [stdout] error[E0599]: no method named `span` found for struct `quote::__private::IdentFragmentAdapter<&std::boxed::Box<syn::Type>>` in the current scope
[INFO] [stdout]    --> src/lib.rs:110:34
[INFO] [stdout]     |
[INFO] [stdout] 110 | ...                   Some(format_ident!("_{}_{}", i, p.ty))
[INFO] [stdout]     |                            ^^^^^^^^^^^^^^^^^^^^^^^^^^^^^^^^ method not found in `quote::__private::IdentFragmentAdapter<&std::boxed::Box<syn::Type>>`
[INFO] [stdout]     |
[INFO] [stdout]     = note: the method `span` exists but the following trait bounds were not satisfied:
[INFO] [stdout]             `&std::boxed::Box<syn::Type>: quote::IdentFragment`
[INFO] [stdout]     = note: this error originates in a macro (in Nightly builds, run with -Z macro-backtrace for more info)
[INFO] [stdout] 
[INFO] [stdout] 
[INFO] [stdout] error[E0277]: the trait bound `std::boxed::Box<syn::Type>: quote::IdentFragment` is not satisfied
[INFO] [stdout]    --> src/lib.rs:110:34
[INFO] [stdout]     |
[INFO] [stdout] 110 | ...                   Some(format_ident!("_{}_{}", i, p.ty))
[INFO] [stdout]     |                            ^^^^^^^^^^^^^^^^^^^^^^^^^^^^^^^^ the trait `quote::IdentFragment` is not implemented for `std::boxed::Box<syn::Type>`
[INFO] [stdout]     | 
[INFO] [stdout]    ::: /opt/rustwide/cargo-home/registry/src/github.com-1ecc6299db9ec823/quote-1.0.7/src/runtime.rs:370:36
[INFO] [stdout]     |
[INFO] [stdout] 370 | pub struct IdentFragmentAdapter<T: IdentFragment>(pub T);
[INFO] [stdout]     |                                    ------------- required by this bound in `quote::__private::IdentFragmentAdapter`
[INFO] [stdout]     |
[INFO] [stdout]     = note: required because of the requirements on the impl of `quote::IdentFragment` for `&std::boxed::Box<syn::Type>`
[INFO] [stdout]     = note: this error originates in a macro (in Nightly builds, run with -Z macro-backtrace for more info)
[INFO] [stdout] 
[INFO] [stdout] 
[INFO] [stdout] error[E0277]: the trait bound `std::boxed::Box<syn::Type>: quote::IdentFragment` is not satisfied
[INFO] [stdout]    --> src/lib.rs:110:34
[INFO] [stdout]     |
[INFO] [stdout] 110 | ...                   Some(format_ident!("_{}_{}", i, p.ty))
[INFO] [stdout]     |                            ^^^^^^^^^^^^^^^^^^^^^^^^^^^^^^^^ the trait `quote::IdentFragment` is not implemented for `std::boxed::Box<syn::Type>`
[INFO] [stdout]     |
[INFO] [stdout]     = note: required because of the requirements on the impl of `quote::IdentFragment` for `&std::boxed::Box<syn::Type>`
[INFO] [stdout]     = note: required because of the requirements on the impl of `std::fmt::Display` for `quote::__private::IdentFragmentAdapter<&std::boxed::Box<syn::Type>>`
[INFO] [stdout]     = note: required by `std::fmt::Display::fmt`
[INFO] [stdout]     = note: this error originates in a macro (in Nightly builds, run with -Z macro-backtrace for more info)
[INFO] [stdout] 
[INFO] [stdout] 
[INFO] [stdout] error: aborting due to 16 previous errors; 5 warnings emitted
[INFO] [stdout] 
[INFO] [stdout] 
[INFO] [stdout] Some errors have detailed explanations: E0053, E0277, E0308, E0599.
[INFO] [stdout] 
[INFO] [stdout] For more information about an error, try `rustc --explain E0053`.
[INFO] [stdout] 
[INFO] [stderr] error: could not compile `cmd_wrk_macros`.
[INFO] [stderr] 
[INFO] [stderr] To learn more, run the command again with --verbose.
[INFO] [stderr] warning: build failed, waiting for other jobs to finish...
[INFO] [stdout] error[E0599]: no method named `span` found for struct `quote::__private::IdentFragmentAdapter<&std::boxed::Box<syn::Type>>` in the current scope
[INFO] [stdout]    --> src/lib.rs:110:34
[INFO] [stdout]     |
[INFO] [stdout] 110 | ...                   Some(format_ident!("_{}_{}", i, p.ty))
[INFO] [stdout]     |                            ^^^^^^^^^^^^^^^^^^^^^^^^^^^^^^^^ method not found in `quote::__private::IdentFragmentAdapter<&std::boxed::Box<syn::Type>>`
[INFO] [stdout]     |
[INFO] [stdout]     = note: the method `span` exists but the following trait bounds were not satisfied:
[INFO] [stdout]             `&std::boxed::Box<syn::Type>: quote::IdentFragment`
[INFO] [stdout]     = note: this error originates in a macro (in Nightly builds, run with -Z macro-backtrace for more info)
[INFO] [stdout] 
[INFO] [stdout] 
[INFO] [stderr] error: build failed
[INFO] [stdout] error: aborting due to 15 previous errors; 5 warnings emitted
[INFO] [stdout] 
[INFO] [stdout] 
[INFO] [stdout] Some errors have detailed explanations: E0053, E0277, E0308, E0599.
[INFO] [stdout] 
[INFO] [stdout] For more information about an error, try `rustc --explain E0053`.
[INFO] [stdout] 
[INFO] running `Command { std: "docker" "inspect" "314d393f88c2a60a141b3874e014d7a5f79181c5657fdb5ebbd539d381326adc", kill_on_drop: false }`
[INFO] running `Command { std: "docker" "rm" "-f" "314d393f88c2a60a141b3874e014d7a5f79181c5657fdb5ebbd539d381326adc", kill_on_drop: false }`
[INFO] [stdout] 314d393f88c2a60a141b3874e014d7a5f79181c5657fdb5ebbd539d381326adc
